1 - 0 - (-11 + 14)
-2
What is the value of 12 + 0 + 14 + -21 + 0?
5
What is the value of 10 + -3 + 5 + -6 - 10?
-4
Evaluate (8 - (7 - (0 - -5))) + -1.
5
-4 + (4 + 3 - 1 - -3)
5
Calculate 20 + -16 + 0 + (-4 - 2).
-2
Evaluate (3 - 1 - 0) + -2 + -5.
-5
Evaluate -3 + (16 - 5 - 2).
6
Calculate -2 + 1 + -5 + (4 - 0).
-2
What is (17 - (1 + 6)) + -6?
4
Evaluate -83 - -92 - (0 - -2).
7
What is 0 + 0 + 1 + (99 - 97)?
3
-1 - 1 - (11 + (-8 - 8))
3
-6 + 3 + -3 + 3
-3
What is the value of -4 - (-5 + -1 + 0)?
2
Evaluate 3 - (6 - (6 + (-3 - 1))).
-1
Calculate (-3 - (-7 - -12)) + 4 + 5.
1
Evaluate 9 - (1 + 11 + -10).
7
Evaluate 5 + -7 + 7 - 5.
0
What is -7 + (-3 - -2) + (-4 - -7)?
-5
7 + -10 + 5 + 3
5
(3 - (-4 - -7)) + 3 + -4
-1
What is (11 - (-4 - 3)) + -11?
7
-15 - -17 - (1 - 4)
5
What is the value of -6 + 6 - -4 - 14 - -4?
-6
Evaluate 2 - (2 + -1) - 0 - 2.
-1
What is the value of -5 + (4 + (-3 - -1) - 1)?
-4
What is the value of -1 + 1 - 0 - (-4 - -3)?
1
Calculate -4 + 4 + 2 + -4 + 0.
-2
4 + 0 - (-5 - (2 + -9))
2
What is the value of -1 + (6 - 5 - (2 + 0))?
-2
What is 2 + 6 + (-2 - 7)?
-1
Evaluate 16 - (7 + -1) - 14.
-4
Evaluate -12 + 2 + 4 - -5.
-1
What is the value of -5 + (13 - (-8 - -16)) + 1?
1
Calculate -4 - 0 - (5 + -2 + -7).
0
What is 1 + 5 + (1 + -7 - -3)?
3
What is the value of 5 - (5 - -1 - 7)?
6
Evaluate 1 + -11 - ((0 - 2) + -1).
-7
2 - (-7 + 9 + -5)
5
Calculate 9 + (3 + (-6 - -3) - 4).
5
Evaluate 3 - (-2 + 0 - 0 - -4).
1
Evaluate 6 - (-12 - (-21 - 5)).
-8
What is 1 + 2 + 2 + -7?
-2
11 + 2 + -11 - 4
-2
Evaluate 4 - (-1 + (2 - -7)).
-4
What is the value of -1 + 23 - 10 - 9?
3
What is 3 - -1 - (7 + -2)?
-1
What is the value of 1 - ((-1 - -4) + -6 + 2)?
2
What is the value of (-10 + 6 - 5) + 4?
-5
What is 2 + -2 + (1 - 5 - -1)?
-3
5 + 1 + -1 + -2 + -1
2
11 + (-25 - -12) + 0
-2
What is the value of -4 - 0 - (-12 - -3)?
5
4 + 2 + -6 + (-3 - -1)
-2
(-5 - (-10 - 2)) + -6
1
Calculate -15 + 18 - (3 + 1).
-1
(-1 - -5) + -3 + -3 - 1
-3
What is the value of 6 + -9 - (6 + -5 - -1)?
-5
Evaluate 0 + 2 + 2 + -1 + 0.
3
Evaluate (-11 - -2) + 10 + -8.
-7
(20 + -29 - (-4 - -2)) + 10
3
Evaluate -1 + -1 + 3 + (-6 - -1).
-4
Calculate -1 - ((-1 - 1) + 2 + -3).
2
Calculate (-1 - 4 - -1) + (56 - 54).
-2
0 + (-2 - -1) - -2
1
What is 0 - -5 - (31 + -23)?
-3
1 - 4 - ((4 - -2) + -7)
-2
What is 7 + -9 + (4 - (-6 - -5))?
3
-8 - (0 + -6 + 1)
-3
-2 + (8 - (2 + 0))
4
What is 0 + -8 + (-2 - -16)?
6
0 + 0 + 14 + -4 + -16
-6
What is -3 + -2 + 3 - 3?
-5
Evaluate -90 + 89 + (-7 - 1).
-9
(-12 + 5 - -2) + 2
-3
What is the value of (-2 - -1) + (1 - 11) + 6?
-5
Calculate ((2 - 1) + 3 - 8) + 3.
-1
What is the value of 6 + (3 - (-2 - -5))?
6
What is -4 + (2 - -3) + 4 + -6?
-1
Calculate 17 + -16 + (-1 - 4).
-4
What is the value of -4 - -10 - (-1 - -4 - 2)?
5
(15 - 0) + (27 - 31)
11
Evaluate -1 + (-3 - -1) + 2 + 1.
0
What is -3 - (-1 + -2 + -2 + 0)?
2
3 + 3 + 3 + -7
2
What is the value of 1 + (-3 - (6 - (-6 + 4)))?
-10
What is -2 + -1 + -3 - -1?
-5
6 + 3 + 2 + -5 + -2
4
What is (-3 - -7) + -4 + 3?
3
What is 7 - (-5 - -8) - 9?
-5
(-3 - (-5 - 1)) + 2 + -2
3
Calculate 0 + 0 - (7 - 3).
-4
What is the value of -2 + (-2 - (-11 - -3)) - -1?
5
What is the value of 2 + -5 + 1 + 7?
5
Calculate -1 - (2 - (0 + 2) - -5).
-6
What is (6 - -3) + 0 - (24 - 22)?
7
Evaluate 5 - ((3 + -4 - -3) + 6).
-3
(27 - 21) + (-8 - 1)
-3
Calculate (1 - 0) + 7 + -7.
1
What is (-2 - -7) + -4 + -1 + -2?
-2
What is 5 - 2 - (10 - (16 + -5))?
4
What is -3 + 9 + -10 + 7?
3
What is 0 - (-4 - -4) - (3 - 4)?
1
Calculate -2 - (-8 - (1 + -10)).
-3
Calculate (20 - 9) + (-7 - 2).
2
Evaluate -7 + (1 - -6) + 5.
5
Evaluate -5 - (4 + -10 - -6).
-5
What is (-2 - -5 - (-9 + 12)) + 5?
5
Evaluate (-6 - -2 - -6) + 3.
5
What is 1 - 2 - (-46 - -39)?
6
Calculate 1 - 4 - (-9 + 4).
2
What is the value of -3 - ((-2 - -1) + 3 + -2)?
-3
5 - (3 - (2 + 1))
5
Calculate (-4 - 3) + -1 + 4 + 3.
-1
Evaluate 3 + 0 + (-8 - (-20 - -11)).
4
What is the value of 0 + -3 - 7 - -6 - -4?
0
What is the value of (2 - 1) + (2 - 1)?
2
-6 + 8 + 3 + -6
-1
Calculate -57 + 50 + -3 + 11.
1
-2 + 10 - (-13 - -19)
2
4 + 1 + 3 + -12
-4
What is -1 + (-2 - -9) - 7?
-1
What is 4 - (4 + -2 + -8) - 3?
7
Evaluate 5 - (-6 - (5 + -15) - -2).
-1
What is (0 - (-2 - -6)) + 4 - 0?
0
What is (-6 - -5) + (2 - 0)?
1
What is the value of -14 + 23 + 2 + 3 + -8?
6
Calculate 1 - 0 - 5 - (-6 - 1).
3
Evaluate -8 + ((-6 - -2) + 1 - -5).
-6
Evaluate (-8 - -10) + (-2 - 2).
-2
Evaluate 4 + (0 - 4) + 5 + -6.
-1
What is 2 - (7 - -4) - (2 - 7)?
-4
Evaluate 4 - 0 - 9 - -4.
-1
-2 + (8 - 2 - 3)
1
What is 3 - (-8 + 3 + 6)?
2
Calculate (7 - 4) + -1 - (-1 - 4).
7
1 + 10 + -2 + 3 + -7
5
Calculate -1 - -4 - (-29 - -36).
-4
What is 4 - (1 - 4 - -2)?
5
What is the value of 1 + 0 + (1 - 2) - 0?
0
Evaluate 1 + 4 + 0 + -6.
-1
Calculate (17 - 5 - 22) + 13.
3
Calculate -4 + (2 + -2 - 0).
-4
What is the value of 7 + -7 + -5 + 5 - 2?
-2
2 + (-1 - 20) + 13
-6
Evaluate -5 - (-1 - 3 - -4).
-5
What is -2 + 4 - -1 - 2 - 0?
1
What is (0 + 7 - 11) + (-2 - -3)?
-3
What is the value of 13 - 22 - (2 - 17)?
6
What is the value of -16 + -5 + 9 - -7?
-5
24 + -20 + 4 + -2
6
What is the value of 0 + (7 - (-1 - -1))?
7
0 - (-8 + -4 + 2)
10
What is the value of -6 + (16 + -10 - (2 - -3))?
-5
Calculate (6 - 2) + -3 + 1.
2
Evaluate 5 - ((0 - 1) + -2 - -2).
6
What is -7 + 9 + -13 + 6?
-5
(-2 + -2 - 0) + 6
2
-4 - -3 - (-1 + -1 + 4)
-3
Calculate 1 - 1 - (11 + -21 + 7).
3
What is -4 - (-3 - (0 - (0 - -4)))?
-5
Calculate 25 - 22 - (-4 + 1).
6
What is the value of 4 - (-8 + 6) - 5?
1
Calculate -1 + (7 - -1 - 13).
-6
Calculate (1 - 2) + -13 + 19.
5
Calculate -6 - -8 - (3 - 0).
-1
-2 - (2 + -7) - 8
-5
What is the value of -3 + (4 - -1) + -2 - -4?
4
-5 + 2 + -3 + 5
-1
What is the value of 5 + -2 - (2 - 1 - 3)?
5
Evaluate 0 + -1 - (-3 + 8 + -4).
-2
Evaluate -3 + (1 - -5 - (-2 + 0)).
5
What is 4 + (-14 - -9) + -8 + 5?
-4
(-1 - -1) + -14 + 12
-2
-1 + (1 - 0) + (0 - 1)
-1
Evaluate 3 - (6 + 3 - 3).
-3
-8 - -9 - 16 - -8
-7
What is the value of (-21 - -21) + -4 + 2 + -4?
-6
What is the value of (-29 - -29) + -4 + 0?
-4
Calculate 2 + 0 + (-3 - -3).
2
Calculate -1 + -5 + 6 + -4.
-4
What is 5 + -1 + -4 - -3?
3
(1 - 6) + (-3 - (3 + -6))
-5
What is the value of -5 + 10 + -5 + 1?
1
What is -1 + -4 - (-9 + 4)?
0
What is the value of (-10 + 11 - -7) + -11?
-3
What is 8 - (2 - ((-2 - 0) + 1))?
5
Calculate -1 + (-2 - -8) + -10 + 4.
-1
-1 + 2 + (-2 + 3 - 3)
-1
15 + -13 - (-2 - 1)
5
What is -27 + 30 - (4 + -1 + 4)?
-4
Calculate 61 - 57 - ((-1 - -5) + -1).
1
What is -3 + (0 - (-10 - -2))?
5
What is the value of -3 - (4 + (-2 - -4) - 8)?
-1
-4 + 2 + (-4 + -1 - -9)
2
What is (-18 - -27) + 3 + -11?
1
What is the value of -3 + 7 + -2 + 6 + -3?
5
(2 - -3) + (0 - 5)
0
Calculate (0 - -4) + -10 + 3 - -1.
-2
What is the value of 6 + (-21 - (-8 + 0 + 2))?
-9
Calculate 2 + -5 + (5 - 3).
-1
(-5 - (1 + -4) - -9) + -11
-4
-3 + (-4 + 2 + 1 - -1)
-3
(2 - (-3 - -11)) + 9
3
What is the value of -2 - (2 - (-3 + 5))?
-2
Evaluate -22 + 22 + 1 + 1.
2
Calculate -1 - 3 - ((-8 - 0) + 2).
2
(1 - 1) + (10 - 9)
1
Calculate 3 + (1 - 2) + -19 + 13.
-4
Evaluate (5 - (3 + -1)) + (-9 - -7).
1
(-6 - 6 - -1) + -2 + 8
-5
Evaluate -6 + 3 + (10 - (-2 - -5)).
4
Evaluate (-14 + 6 + 2 - -7) + 2.
3
Evaluate -112 + 112 - ((5 - 0) + 0).
-5
What is (5 - 2) + -3 - (10 + -11)?
1
Calculate (2 - -1) + -10 - (-8 - -5).
-4
12 + -1 + -4 - (1 + 5)
1
What is (2 - (2 - -4)) + (3 - 3)?
-4
Calculate (-31 - -28) + (-2 + 1 - -3).
-1
What is -4 + 1 + 6 + -5?
-2
Calculate ((3 - 10) + 2 - -1) + 7.
3
Evaluate -96 + 108 + -5 + -1.
6
(-1 - 15) + 242 + -229
-3
Evaluate -5 + 5 + (2 - -1).
3
What is (1 - (6 - 8) - -3) + -11?
-5
Evaluate 3 + (4 - 7) + -2.
-2
What is the value of 8 - (1 - -7) - -2?
2
Evaluate 6 - ((11 - 6) + 1).
0
Evaluate (2 - -1) + -3 + (10 - 20).
-10
Calculate (-1 - 1 - (-6 + 7)) + 2.
-1
Evaluate 4 + (24 - 23) + -1 + -3.
1
What is -2 - (4 + -2 + 1)?
-5
2 + -4 - -7 - 2 - 5
-2
Evaluate 7 + 4 + -15 - 3.
-7
What is (0 - 7) + (3 - (4 + -3))?
-5
Calculate -2 - (-6 + 4) - (-14 - -6).
8
9 + -7 + 1 - (3 + -2)
2
Calculate 0 + -2 + (58 - 52).
4
-2 + (7 - (2 - -5))
-2
Calculate 9 - (2 - (6 + -8)).
5
(-9 - (1 - 7)) + -3
-6
What is 3 - (13 + -4 + (-7 - -3))?
-2
Evaluate (10 + -7 - 9) + (5 - 0).
-1
Calculate (2 - 0) + -3 + -1.
-2
Ca